4) + (-45)/(-4)?
1
Suppose -i = -3*r + 11, 0*i + 38 = -5*i - 2*r. Let h(f) = -f - 5. Let y be h(i). Suppose -y*b - 9 = -6*b. What is the units digit of b?
3
Let l(f) = f**2 + 2*f - 5. Let r be l(-5). Suppose -r = -5*n + 3*n. What is the units digit of n?
5
Let v(z) = z**3 - 6*z**2 + 7*z - 5. Let q be v(4). Let t(f) = -f**2 - 12*f + 5. What is the tens digit of t(q)?
3
Suppose 0*l + 4*z = l - 200, -2*z + 212 = l. What is the hundreds digit of l?
2
Let d = -4 - -6. Let a = -18 + 22. Suppose -s + 0*s = -d*y - a, -3*s = 4*y - 22. What is the units digit of s?
6
Let l(a) = a**2 + 5*a + 6. Let y be -3*(60/9)/5. Let u be l(y). Let m(p) = 11*p. What is the units digit of m(u)?
2
Let g(y) = y**3 + 5*y**2 + 3*y - 3. Let x be g(-3). Suppose -p - 5*k = 19, p - k = x*p + 23. What is the units digit of p/(-6) - 16/(-3)?
6
Suppose -4*s + 2 + 10 = 0. Suppose 2*t = -s*y + 4*t + 13, 4*y + 5*t = 2. Suppose -5*g + 2*l + 61 = 0, y - 1 = g + 3*l. What is the units digit of g?
1
Let p = 90 - 19. What is the tens digit of p?
7
What is the units digit of 12/(0 + 3) - -3?
7
Let l = 3 + -6. Let p(j) = j**3 + 3*j**2 + 3. Let g be p(l). Suppose -3*d + 30 = g*h - 3, -45 = -5*d - 3*h. What is the units digit of d?
6
Suppose 0 = -x + 2*x - 101. Suppose -x - 49 = -5*p. What is the units digit of p?
0
Let h(y) = y**2 - 2*y + 7. Let f be h(-7). Let n be (2 - 3)/((-2)/f). Suppose 4*g + 11 - n = 0. What is the units digit of g?
6
Suppose 10 + 10 = 5*z. Let i = 4 - z. Suppose 2*n + 9 = m - 2, n + 1 = i. What is the units digit of m?
9
Let r = -137 + 313. What is the tens digit of r?
7
Let i = -66 + 112. What is the units digit of i?
6
Let y(w) = 8*w**2. Let c be y(-1). Let u = c + -4. What is the units digit of u?
4
Suppose a + 0*a - 12 = -r, 5*r = -4*a + 58. What is the tens digit of r?
1
Let d be 3*((1 - 1) + -4). What is the units digit of (-1*(1 - d))/(-1)?
3
Suppose 5*n - 107 = -2*f, 4*n + 91 = 3*f - 104. What is the units digit of f?
1
Let b(i) be the first derivative of i**2/2 + 9*i - 2. Let g be b(-6). Let w(o) = o**3 - 2*o**2 + 1. What is the units digit of w(g)?
0
Suppose z - 3*u - 13 = 0, 2*z - 2*u - 13 = -3. What is the units digit of ((-7)/3)/(z/(-3))?
7
Let l(z) = -32*z - 12. What is the hundreds digit of l(-4)?
1
Suppose 3*y + 4*f - 316 = -y, -8 = -2*f. What is the units digit of y?
5
Suppose -3*d = u - 111, -4*d + 308 = 3*u - 0*d. Suppose 4*r - 2*k - u = 0, 0 = -r + 2*k + 41 - 14. What is the tens digit of r?
2
Let n(a) = a**3 - 3*a**2 + 2*a - 1. Let b be n(3). Suppose 8*f = -5*m + b*f + 97, -2*m + 5*f = -14. What is the units digit of m?
7
Suppose -4*f + 5*c = 181, 3*f + 138 = -3*c + 6*c. What is the units digit of (-2)/7 + (-455)/f?
9
Let r(i) = i**2 + 5*i - 1. Let j be r(-4). Let y = j - -16. What is the units digit of y?
1
Let q = 228 + -127. What is the units digit of q?
1
Let v be 0 + 1 - (-5 - -3). Suppose 4*a = v*r + 19, 2*a + 2*a = -r - 1. What is the units digit of (a - -1)/2*1?
1
Suppose -u = -4*n - 3*u - 86, 0 = 5*u - 25. What is the units digit of (n/18)/(4/(-150))?
0
Let u = 2 + -2. Suppose u = 4*a + 16, 2*a + 63 = -5*k - 0*k. Let z = 19 + k. What is the units digit of z?
8
Let q be ((-12)/8)/(1/(-2)). Let n(s) = -s**3 + 4*s**2 - 2*s - 1. Let m be n(q). Suppose -m = z - 8. What is the units digit of z?
6
Let x = 4 + -12. Let w be 2*2/(-4) - x. Let c = 8 + w. What is the units digit of c?
5
Let o(z) = z**3 - 19*z**2 - 17*z - 37. What is the units digit of o(20)?
3
Let a(i) be the third derivative of i**7/840 - i**6/60 + i**4/6 - i**3/3 - i**2. Let t(x) be the first derivative of a(x). What is the units digit of t(6)?
4
Suppose 0 = -n + i - 3*i, 3*n = 3*i. Suppose 5*g - 14 - 1 = n. Suppose -49 = -4*p + g*t, -1 - 4 = -5*t. What is the units digit of p?
3
Let m(z) = 3*z**2 + 6*z - 15. Let r be m(-7). Suppose -4*d = -d - r. What is the units digit of d?
0
Suppose 5*h = -15, r - 5*h = 5*r - 605. What is the units digit of r?
5
Suppose -3*y + 8 = -7, 5*y = 3*n - 23. Suppose -b + l = -n, 4*l = 4*b - b - 49. What is the tens digit of b?
1
Let r = 95 - 55. What is the tens digit of r?
4
Suppose x + 39 = 4*x. Suppose 2*z - x = -5*d, z + 5 = 3*d - 5. Let l = d + 4. What is the units digit of l?
7
Let w = -33 + 46. What is the tens digit of w?
1
Suppose -r + 2*k - 50 = 0, 0*r - 5*k - 265 = 4*r. What is the units digit of (-16 + -1)/(20/r)?
1
Let b(h) = -h**3 + 8*h**2 - 2. Let w be b(8). Let v be (52*1)/(3 + w). Suppose -5*l + v = -4*x, -5*l + x = -51 + 8. What is the units digit of l?
8
Suppose -6*g = -3*g - 762. What is the tens digit of g?
5
Let o be 6/(-4)*(1 - -1). Let z be 1 - o/(6/4). Suppose 2*d - 29 = w, -d - 5*w + 17 = -z*w. What is the tens digit of d?
1
Suppose 0 = -4*r + 3*r. Let j = 2 + r. What is the units digit of j?
2
Let m be (-11224)/(-56) - 6/14. Suppose a - 6*u = -u + 28, -5*a - 5*u = -m. What is the units digit of a?
8
Let z(k) = k - 3. Let m be z(2). What is the units digit of (-28)/21*3/m?
4
Let d(x) = x**3 + 4*x**2 - x + 1. Let g be d(-2). Suppose 5*b = g + 99. What is the units digit of b?
2
Let q = -17 - -27. Suppose 4 + q = -d. Let g = 23 + d. What is the units digit of g?
9
Let u = -167 - -235. What is the units digit of u?
8
Suppose 2*m + 82 = 5*j, 3*m + j + 3 = -86. Let y = m - -49. What is the tens digit of y?
1
Suppose 5*u - 1113 = 272. What is the units digit of u?
7
Let b(v) = 2*v**2 + 44*v - 28. What is the tens digit of b(-25)?
2
Suppose g = -2*b + 2*g + 255, -2*b = -5*g - 243. What is the tens digit of b?
2
Suppose 0 = 7*r - 3*r - 24. Let u(m) = 2*m**2 - 2 - 5 - m**3 + 2*m + 4*m**2. What is the units digit of u(r)?
5
Suppose 3*h + 2*t - t = 365, -478 = -4*h + 3*t. What is the tens digit of h?
2
Let f(s) = -s**2 + 4*s + 4. Let d be f(4). Suppose n = d*n - 3. Suppose 0 = 4*v - 31 - n. What is the units digit of v?
8
Suppose -6 = -2*w + w. Let r(f) = f - 2. What is the units digit of r(w)?
4
Let r = 12 + -6. Let x = r + -5. Suppose -2 = -w + x. What is the units digit of w?
3
Let w(o) = o**2 + 5*o - 6. Let v be w(-6). What is the tens digit of 10*(v - (-5 + 3))?
2
Let g be -3 - -1 - (-6)/(-3). Let r be g/(-22) + 9/11. Let w(b) = 10*b - 1. What is the units digit of w(r)?
9
Let w(z) = z**3 - z**2 - z. Let q be w(-1). What is the units digit of 21*q/(-3)*1?
7
Let y be (-4)/8 - (-11)/2. Let u(n) = -n**2 + 5*n + 4. Let g be u(5). Suppose 2*h + g*m - 34 = 0, 3*m - 85 = -y*h + m. What is the units digit of h?
7
Suppose p + 7 - 4 = 0. Let w(n) = -4*n - 2. Let v be w(-2). Let z = v - p. What is the units digit of z?
9
Let f(h) = -2*h**3 + 4*h**2 - h - 5. Let n be f(3). Let v = n - -38. What is the units digit of v?
2
Let v = 2 + 3. Let i be -1 + (4 - (6 + -3)). What is the units digit of v/(10/8) - i?
4
Suppose -5*t = w - 102, -w - 18 = 4*t - 5*t. Suppose 7*f + 4 = -2*r + 2*f, 0 = 4*r + 3*f - t. What is the units digit of r?
8
Let q = -12 - -20. Suppose 12 = 2*n - 2*i, 3*i = -2*i + 5. Suppose n + q = 5*u. What is the units digit of u?
3
Let t(k) = -k**2 - 15*k - 17. What is the units digit of t(-13)?
9
Let l be (-12)/(-18)*1*3. What is the units digit of (-12)/(-2 - l/(-4))?
8
Let c be ((-4)/(-10))/((-1)/(-5)). Let k = -6 + c. What is the units digit of (-2)/k - (-21)/6?
4
Let r = 36 + 159. What is the units digit of r?
5
Let n = 21 - 19. What is the units digit of n?
2
Let r be ((-5)/10)/(1/(-4)). Suppose 23 = h - r. What is the units digit of h?
5
Suppose -10 - 1 = x. Let g = -4 - -21. Let d = g + x. What is the units digit of d?
6
Let t(m) = m**3 - 5*m**2 + 4*m + 3. Let f be t(4). Suppose 0 = -w + f*w + 10. Let r = w + 9. What is the units digit of r?
4
Let t = 7 - 2. What is the units digit of t?
5
Let g be -4 + 2 + 5 + 0. Let y(q) = q + 6. Let s be y(-6). Suppose 0 = -5*a - g*n + 63, 2*n + 8 = -s*n. What is the units digit of a?
5
Suppose 0 = -5*i + 3*i - m + 374, -5*i + m + 949 = 0. What is the units digit of i?
9
What is the hundreds digit of (-7 - -8) + 6/(-2) + 102?
1
Let m = -5 - -5. Suppose 3*p = -m*p - 33. Let h = -5 - p. What is the units digit of h?
6
Let j be (-35)/(-28) + 2 + (-27)/12. Suppose -3*z - 8 = z. What is the units digit of (j - 5)/(z*1)?
2
Suppose -q - 4*f = 46, -4*f = -5*q - 76 - 58. Let x = q + 50. What is the units digit of x?
0
Let d be -4 - (4/2 + -1). Let x(i) = i**3 + 4*i**2 - 3*i + 2. Let z be x(d).